+ 3*l - 9. Calculate the remainder when g(-10) is divided by 16.
13
Suppose 3*l = -2*l + 125. Suppose -l = -d - 2. What is the remainder when d is divided by 2 - (-1*2 - 4)?
7
Let j = 60 + -54. What is the remainder when 39 is divided by j?
3
Let q(c) = 3*c**2 + 11*c + 3. Calculate the remainder when q(4) is divided by 32.
31
Suppose 5*j - 4*j + 13 = 0. What is the remainder when j/((-3)/(-3) - 2) is divided by 8?
5
Suppose -3*a = -2*a - 14. Let o = a - -15. Let u = 11 + 4. Calculate the remainder when o is divided by u.
14
Suppose -6*v + 20 = -v. Suppose q + v = 6. Calculate the remainder when 7 is divided by q.
1
Let m = -68 + 86. What is the remainder when m is divided by 11?
7
What is the remainder when 55 is divided by (56/20)/(2/10)?
13
Let g(d) = d**3 - 8*d**2 + 4*d + 4. Calculate the remainder when 141 is divided by g(8).
33
Suppose 5*q = f - 36, 3*q + 12 = -f + 4*f. Let s(y) = -y**3 - 9*y**2 - 8*y + 5. Let t(v) = 2*v - 2. What is the remainder when t(5) is divided by s(q)?
3
Let r = -5 + 7. Calculate the remainder when (-40)/(-1 - 1) + r is divided by 5.
2
Suppose 0 = -2*b - 3*l + 134, 7*b - 4*b - 5*l - 220 = 0. Calculate the remainder when b is divided by 16.
6
Suppose 52 = 4*y - 44. Let m be 0 - 2 - (-4)/1. What is the remainder when 28 is divided by m + (y/3 - 0)?
8
Suppose -18*l + 20*l = 78. Calculate the remainder when l is divided by 14.
11
Suppose -2*y + 5*a = 3, -3*y + 2*a + 3*a - 2 = 0. Let g = 34 - 33. What is the remainder when y is divided by g?
0
Let f(b) = 2*b**3 - 5*b**2 + 2*b + 3. Let m be f(4). Let g = m + -23. Let c = g - 22. What is the remainder when c is divided by 8?
6
Let w(o) = -o**2 + 11*o - 3. What is the remainder when 122 is divided by w(8)?
17
Let b(y) = 2*y + 58. Calculate the remainder when b(-23) is divided by 8.
4
Let x = -36 + 57. Let q = -2 - -4. Suppose q*s - 11 - 111 = 0. Calculate the remainder when s is divided by x.
19
Let i(u) = u**3 - 3*u**2 + u + 4. Let m = 62 + -57. Calculate the remainder when i(3) is divided by m.
2
Let i(y) = 2 + 2*y**2 + 0 - 2 - 2. Calculate the remainder when 29 is divided by i(-3).
13
Suppose -2*f = -3*f + 3. Let k be (-3)/(-9) + 23/f. Let s = k + -4. What is the remainder when 7 is divided by s?
3
Let z(t) = 20*t**2 - 5*t. Calculate the remainder when z(3) is divided by 24.
21
Suppose 0 = 15*b - 9*b - 24. Calculate the remainder when 7 is divided by b.
3
Suppose 2 + 13 = 3*h. Suppose -v - 12 = -16. Calculate the remainder when h is divided by v.
1
Let y = 6 + -6. Suppose y*u + 5*u - 15 = 0. Suppose -3*s = -s - 16. Calculate the remainder when s is divided by u.
2
Let y(b) = -7*b - 14. Let v(s) = -s + 1. Let g(m) = -3*v(m) + y(m). What is the remainder when g(-8) is divided by 8?
7
Suppose -x - 43 = -2*n, 24 = 5*n - 4*n + 2*x. What is the remainder when 65 is divided by n?
21
What is the remainder when 95 + (-4 - -4 - 4) is divided by 23?
22
Let i = 0 + 6. Let b(j) = -j**2 - 4*j + 7. Calculate the remainder when i is divided by b(-5).
0
What is the remainder when 62 is divided by 2/(-8) - ((-89)/4)/1?
18
Suppose 5*t = -10 + 30, -3*w = t - 40. What is the remainder when 70 is divided by w?
10
Let k(b) = -b + 7. Calculate the remainder when 42 is divided by k(-4).
9
Let w be 6/(-15) - (-132)/(-20). What is the remainder when 53 is divided by (-3 - -1)*(0 + w)?
11
Let t(m) = m**3 - m**2 + 7*m - 1. Let f be t(5). Let w be (f - (1 + -4)) + 3. Suppose -26 = 3*v - w. Calculate the remainder when v is divided by 10.
8
What is the remainder when 55 is divided by 1*11 - (6 - 9)?
13
Suppose 2*p - 40 = -0*p. Let d = p + 2. Calculate the remainder when d is divided by 6.
4
Let j(o) = 2*o**2 - 4*o + 3. Let v(h) = -h**3 - h**2 + h + 3. Let b be v(0). What is the remainder when 34 is divided by j(b)?
7
Calculate the remainder when (-6 - (-77)/14) + 87/2 is divided by 8.
3
Let u(q) = q + 3. Let o be u(-3). Suppose n + o = -j + 39, -4*j + 159 = 5*n. Let k = -24 + j. What is the remainder when 22 is divided by k?
10
Suppose -6*f + 3*y = -4*f + 28, 0 = 3*f + y + 42. What is the remainder when 40 is divided by (f/8)/((-2)/16)?
12
Let r(k) = -k + 5. Let s be r(3). Let y be s/9 + 266/18. Let l = -8 + y. What is the remainder when 18 is divided by l?
4
Suppose 5*a + 10 = 5*g, 3 = -3*a + 4*g - 4. Calculate the remainder when 91 is divided by 24 + 3 + a + -3.
22
Let a(t) = -t. Let j be a(-7). What is the remainder when 23 is divided by j + 2 + (-5 - -2)?
5
Suppose -58 = -5*f + t, -2*f - t + 8 = -f. Calculate the remainder when f is divided by 6.
5
Let g(h) = h**3 + 8*h**2 + 18. Calculate the remainder when 49 is divided by g(-8).
13
Let h be (3/(-6))/((-3)/36). Let v = 8 - h. Suppose 9 = v*u - 17. What is the remainder when 49 is divided by u?
10
Calculate the remainder when 0*(-1)/(-2) + 47 is divided by 12.
11
What is the remainder when 62 is divided by 372/18 + 0 + (-1)/(-3)?
20
Let b be 3/9*(2 + 16). Suppose 4*q - b - 42 = 0. Let h = 70 + -23. What is the remainder when h is divided by q?
11
Let b = 14 + -8. Suppose -t + 0*t + b = 0. Suppose -3*r + 3 = -5*p + 21, 5*r + 14 = 3*p. What is the remainder when t is divided by p?
0
Calculate the remainder when (-58)/(-4)*2*(10 + -9) is divided by 4.
1
Let o = -8 - -12. Suppose -p - 155 = -6*p - o*y, 0 = -y + 5. Calculate the remainder when p is divided by 13 + 1 + -2 + 2.
13
Suppose 283 = 4*o - 17. Calculate the remainder when o is divided by 19.
18
Let b = 0 + 43. Suppose 2*w + 24 = 114. Suppose -4*r = -r - w. Calculate the remainder when b is divided by r.
13
Suppose 2*y + 5*d = 20, 3*y - 20 = 5*d + 10. Let o(f) = -5*f - 8. Let k(g) = -1. Let s(c) = 5*k(c) - o(c). Calculate the remainder when s(3) is divided by y.
8
Suppose -1 = 3*t - 2*q - 76, 0 = -4*t + 2*q + 98. Calculate the remainder when 66 is divided by t.
20
Let b(x) = -4*x**2 + 3*x. Let k be b(4). Let g = 77 + k. Calculate the remainder when g is divided by 9.
7
What is the remainder when (-3)/(1*6/(-32)) is divided by 6?
4
Let k(s) = 8*s - 1. Suppose -v - 84 = -4*v. Calculate the remainder when v is divided by k(2).
13
Let w(p) = -p**3 - 3*p**2 - 7*p - 5. Let l be w(-4). Suppose 2*b - l = 37. Calculate the remainder when b is divided by 13.
12
Let z(f) = f + 5. Calculate the remainder when (-3 + 1 - -2) + 24 is divided by z(4).
6
What is the remainder when 27 is divided by 1/((-1)/(-21)*3)?
6
Let y = -201 - -206. What is the remainder when 58 is divided by y?
3
Suppose 0 = 3*w - 4*w + 5. Calculate the remainder when w is divided by 4.
1
Suppose 4*h - 6*h = 16. Let j(f) = f**2 + 6*f - 12. Calculate the remainder when 11 is divided by j(h).
3
Suppose 4*q = 3*g - 66, -g + 4*q + 11 = -3. Suppose -g - 31 = -3*k. What is the remainder when k is divided by 7?
5
Let j = -66 - -80. What is the remainder when 40 is divided by j?
12
Let m(p) = -p**2 - 3*p + 3. Let v(r) = r**3 + 6*r**2 + 4*r - 7. Calculate the remainder when v(-4) is divided by m(-3).
0
Let f(u) = -u**3 - 4*u**2 - 7*u - 3. What is the remainder when f(-5) is divided by 15?
12
Let p(u) = u**3 - 19*u**2 + 16*u + 102. Suppose -190 = -5*d + 4*n, -d + 19 = 3*n - 0*n. Calculate the remainder when p(18) is divided by d.
32
Suppose b = -b + 154. Suppose x - 3 = b. Suppose 5*s = 2*u + x, s + 5*u = -3*s + 97. What is the remainder when s is divided by 10?
8
Suppose 3*h = -3*h + 108. What is the remainder when 32 is divided by h?
14
Suppose 0 = -5*z + y + 196, -4*y + y - 120 = -3*z. Calculate the remainder when z is divided by (70/15)/(2/6).
11
Suppose 0 = -2*z - 0*z. Suppose z*k = -5*k - 75. Let u = k + 39. What is the remainder when u is divided by 13?
11
Let g(l) = -28*l - 1. Let n be g(-1). Suppose -f = 2*f + n. Calculate the remainder when (-2)/(-1 + f/(-11)) is divided by 4.
3
Suppose 30*s - 25*s - 70 = 0. What is the remainder when 38 is divided by s?
10
Let b = 220 + -123. Suppose -3*j = -5*n - 56, -7 = 4*j + n - b. What is the remainder when j is divided by (-164)/(-14) - (-4)/14?
10
Suppose -21*s + 686 = -7*s. Calculate the remainder when s is divided by 13.
10
Let w be (4/5)/((-4)/(-10)). Suppose w*a - 9 + 3 = 0. What is the remainder when 10 is divided by a?
1
Suppose 0 = 4*f - 5*d - 44, 1 + 1 = f + d. What is the remainder when 22 is divided by f?
4
Suppose -4*f + i + 92 = 0, f + f - 4*i = 46. What is the remainder when f 